 -94 - -104. Suppose 319 + 38 = 5*z - a, 0 = -5*a - n. Calculate the remainder when z is divided by 25.
21
Let h(d) = -2*d**2 + 31*d - 6. Let j be h(15). Suppose 2*t + j = 91. What is the remainder when t is divided by 11?
8
Let g(t) = 4*t + 10. Let q be g(-4). Let d = 18 + q. What is the remainder when 31 is divided by d?
7
Suppose 3*z + 0*z = 3*g + 9, -5*z - 3*g = -15. Suppose x + z*x - 140 = 0. Suppose -21*u + 105 + 84 = 0. Calculate the remainder when x is divided by u.
8
Let g = -14 + 19. Let f be 8/(-12)*18/(-4). Suppose -f*z - 36 = -5*z. What is the remainder when z is divided by g?
3
Suppose -3*m = h + 241, 185 = -3*m - 5*h - 72. Let g = -61 - m. Calculate the remainder when 50 is divided by g.
14
Let s = 43 - 25. Suppose -2*h = s - 90. What is the remainder when h is divided by 1 + 6/3 - -10?
10
What is the remainder when 1/(-3) + 740/6 is divided by 46?
31
Suppose k = -3*u - 0*u + 35, 0 = -3*k - 2*u + 91. Calculate the remainder when 229 is divided by k.
26
Let u = -82 - -131. Let j = u - 3. What is the remainder when j is divided by 17?
12
Let w = 9 + 2. Let t = 8 - 6. Suppose -t*o - 2 = -12. What is the remainder when w is divided by o?
1
Let s(l) = l**3 - 5*l**2 + 3*l - 13. Suppose -4*g = 14 - 102. Calculate the remainder when s(6) is divided by g.
19
Let d(i) = i**2 - 4. Calculate the remainder when d(5) is divided by (-153)/(-15) - 8/(-10) - 3.
5
Let r(x) = -30*x + 165. Let p(o) = 3*o**2 - 4*o + 6. Let j be p(5). Let v = 120 - j. Calculate the remainder when v is divided by r(5).
14
Let s = -186 + 349. What is the remainder when s is divided by 24?
19
Suppose 0 = -3*b + 2*b + 15. Calculate the remainder when 54 - ((-25)/15)/(4/12) is divided by b.
14
Suppose 0*w + 5*w = -b + 12, -2*w = -3*b + 36. Suppose 3*k - 4*a = 99, 17*k + 3*a = 16*k + 20. What is the remainder when k is divided by b?
5
Suppose 524 = 9*z - 511. What is the remainder when z is divided by 40?
35
Suppose -544 = -2*a - 2*w, -w + 154 = 2*a - 386. What is the remainder when a is divided by 30?
28
Let n = 482 - 518. Let g = -62 + 34. Let j = g - n. Calculate the remainder when 21 is divided by j.
5
Suppose -1511 = -15*i - 536. Let k = -55 + i. What is the remainder when 49 is divided by k?
9
Let g(f) = 10*f - 2. Let p be g(2). Let z = -101 - -149. Let h = z - p. What is the remainder when h is divided by 11?
8
Let p(i) = i**3 + 17*i**2 + i + 19. Let q(c) = 2*c + 4. Let u(s) = s + 3. Let n(k) = 3*q(k) - 4*u(k). Calculate the remainder when n(3) is divided by p(-17).
0
Suppose 34 = 11*p - 9*p - 4*i, 2*p - 5*i - 34 = 0. What is the remainder when p is divided by -10*(24/(-10) + 2)?
1
Let n = 132 + -87. Let r(k) = -k**3 - 13*k**2 + 12*k - 16. Let l(h) = 2*h**3 + 2*h**2 + h - 4. Let c be l(-2). What is the remainder when n is divided by r(c)?
9
Suppose 102 = 54*d - 51*d. What is the remainder when d is divided by 12?
10
Suppose 0 = -2*i - i + 66. Let w = -3349 + 3354. Calculate the remainder when i is divided by w.
2
Suppose 32 = -2*d + 152. Suppose -75 = -3*z + 18. What is the remainder when d is divided by z?
29
Let g(i) be the second derivative of 4*i**3/3 - 3*i**2/2 - 6*i. Calculate the remainder when g(3) is divided by 8.
5
Suppose 0 = -l + 5*l + 5*k - 2, 0 = 4*l + 4*k - 4. Let r = -608 + 610. What is the remainder when l is divided by r?
1
Let f = -561 + 615. Calculate the remainder when 214 is divided by f.
52
Let w be (-6)/4 - 846/(-4). Let u = -42 + 118. What is the remainder when u is divided by 1/(-4) + w/8?
24
Suppose -g + f + 104 = 0, -3*g + 292 + 18 = -2*f. Let o = -31 - -43. Calculate the remainder when g is divided by o.
6
Suppose -2*v + 7 = 3*q, -6*v + v + 23 = 2*q. Let y = -2 - -4. What is the remainder when v is divided by y?
1
Suppose -3*b + 5*b = 10. What is the remainder when (-1441)/(-77) + -4*(-4)/56 is divided by b?
4
Suppose -4*s - 2*h = -100, s - 16*h = -20*h + 39. What is the remainder when 20*(-2 + 64/10) is divided by s?
19
Let m be 7*2/(-2)*1. Let b = -1 - m. Suppose -19 = -q + 2*g + b, 5*q + 5*g - 170 = 0. Calculate the remainder when q is divided by 17.
14
Let i = -83 - -108. What is the remainder when 42 is divided by i?
17
Let a be 1*(-1 - 1) - (10 + -15). Let b = -2 - 0. Let l = a - b. What is the remainder when 19 is divided by l?
4
Let j = 1194 + -1173. What is the remainder when 143 is divided by j?
17
Let d(m) = 8*m + 14. Let q(g) = -7*g - 13. Let i(w) = 5*d(w) + 6*q(w). Calculate the remainder when 62 is divided by i(-12).
14
Let o(h) = -h**2 - 22*h - 51. What is the remainder when 1721 is divided by o(-18)?
20
Let b(j) = -85*j - 236. Calculate the remainder when 31 is divided by b(-3).
12
Suppose 14*d - 12*d - 192 = 2*b, -b = 4*d - 409. Calculate the remainder when d is divided by 45.
11
Let x(j) = -j**3 - 9*j**2 + 2. Let v(l) = 8*l**3 - l**2. Let a be v(-1). Let r be x(a). What is the remainder when 51*(-3 + r)*-1 is divided by 27?
24
Let x = -52 - -219. Suppose 5*t = 5*n - 35 + 200, -5*t + 4*n + x = 0. Calculate the remainder when t + 0 + -1 + 0 is divided by 18.
16
Let f(u) = u**2 - 21*u - 91. Let k(m) = 7*m**2 - 2*m - 2. What is the remainder when f(-5) is divided by k(2)?
17
Calculate the remainder when 20 is divided by (-2)/(((-36)/10)/9).
0
Suppose 3*y - 4*y = 4*w - 50, -3*y = -2*w + 32. Calculate the remainder when 51 is divided by w.
12
Let c(d) = -14*d - 2. What is the remainder when c(-15) is divided by 30?
28
Let w = 991 - 967. What is the remainder when 477 is divided by w?
21
Suppose -2*n = -4*u + 12, 6*u - 30 = u - 5*n. What is the remainder when ((-16)/(-14))/(-2) - 3836/(-196) is divided by u?
3
Suppose -22 = -2*b + 24. Suppose -3*r + h = -192, 3*r + 11*h - 201 = 9*h. Calculate the remainder when r is divided by b.
19
Let d = 11 - 80. Let i = -4 - -16. What is the remainder when (-13)/26 - d/2 is divided by i?
10
Suppose 5*j - 20*p = -15*p + 80, -j = -5*p - 12. Calculate the remainder when 815 is divided by j.
16
Suppose -36 = -30*a + 26*a. Let x be (-383)/6 - (-7)/(-42). Let d = 97 + x. Calculate the remainder when d is divided by a.
6
Let g(p) = -42*p - 41. What is the remainder when g(-8) is divided by 76?
67
Let h(t) = -t**2 - 2*t + 211. What is the remainder when h(0) is divided by 71?
69
Let y = -1342 - -1958. What is the remainder when y is divided by 23?
18
Let b = 6 + -2. Suppose 2*o = -x + 88, -3*o + 0*o = b*x - 372. Calculate the remainder when x is divided by 25.
21
Suppose -3*h + 5*t = 6 - 9, 5*h - 3*t - 5 = 0. Suppose 4*n = l + l - 14, l - 5*n = 13. Calculate the remainder when l/2*(2 + 0) is divided by h.
0
Let i = 9 - 17. Let q = 14 - 2. What is the remainder when (-2)/i + 1215/36 is divided by q?
10
Suppose -o - 2*k - 1 = -9, -4*o + 2*k = -62. Suppose 3*g - 6 = 0, 5*h + 2*g + g + 19 = 0. Calculate the remainder when ((-57)/(-12))/(h/(-40)) is divided by o.
10
Let n(y) = -y**2 - 11*y + 1. Suppose -2*t + 11 - 1 = 0. Let k(u) = -u**2 + 3*u + 21. What is the remainder when n(-6) is divided by k(t)?
9
Suppose 0*u - 4*u = 3*j - 263, u + 5*j = 53. What is the remainder when u is divided by 37?
31
Suppose -5*d + 136 = -99. Calculate the remainder when d is divided by 19.
9
Let z = -48 - -30. Let s be (4/(-5))/(z/(-45)). Calculate the remainder when 15 is divided by 12/(-9)*9/s.
3
Let g = 73 - 48. Let t(n) = -4*n**2 - 31*n - 12. What is the remainder when g is divided by t(-7)?
7
Let l(f) = 2*f**2 + 6*f + 1. Let h = 29 - 8. Calculate the remainder when l(5) is divided by h.
18
Suppose 4*x + 0*x = 2*y + 214, -2*x - y = -105. Let i = 6 + x. Calculate the remainder when i is divided by 12.
11
Let i = 9 + -8. Suppose 0 = a + i - 27. Let d(t) = 7*t - 26. What is the remainder when a is divided by d(5)?
8
Suppose 5*l - 3*l = 26. Suppose l*d + 15 = 16*d. Calculate the remainder when 10 is divided by 5/(9 - 4)*d.
0
Suppose -4*m + 93 = -5*d, -2*m + 3*d + 4 = -43. What is the remainder when 58 is divided by m?
14
Calculate the remainder when 202 + (-30)/12*18/15 is divided by 40.
39
Let s be -2 + (-114)/(2 + -5). Let z(c) = 0*c + 2*c + s - c. What is the remainder when z(0) is divided by 19?
17
Let o = 4 + 6. Suppose 4 = 3*x + o. Calculate the remainder when 77 is divided by 28 + (-4)/(-4)*x.
25
What is the remainder when (-157)/((-3)/2 + (-7)/(-7)) is divided by 35?
34
Let d = 81 + -74. Let g(j) = 2*j**2 - 9